he remainder when 12412149 is divided by 996.
993
What is the remainder when 761029 is divided by 107?
45
Calculate the remainder when 38401 is divided by 264.
121
What is the remainder when 118877881 is divided by 35?
31
Calculate the remainder when 39061439 is divided by 27.
26
Calculate the remainder when 3180636 is divided by 144558.
360
Calculate the remainder when 263372 is divided by 648.
284
What is the remainder when 6418464 is divided by 1283690?
14
What is the remainder when 2487670 is divided by 786?
766
Calculate the remainder when 45270750 is divided by 250.
0
Calculate the remainder when 11175933 is divided by 16508.
17
What is the remainder when 298482 is divided by 1459?
846
Calculate the remainder when 10928429 is divided by 30.
29
Calculate the remainder when 6333270 is divided by 2111088.
6
Calculate the remainder when 1343852 is divided by 191890.
622
What is the remainder when 183955 is divided by 22994?
3
Calculate the remainder when 22862 is divided by 665.
252
What is the remainder when 33738 is divided by 8361?
294
Calculate the remainder when 1635108 is divided by 817438.
232
What is the remainder when 59010755 is divided by 658?
657
What is the remainder when 3954553 is divided by 2117?
2114
Calculate the remainder when 638277 is divided by 30.
27
Calculate the remainder when 2231205 is divided by 1596.
1593
Calculate the remainder when 1084371 is divided by 1576.
83
Calculate the remainder when 101798 is divided by 688.
662
What is the remainder when 105907016 is divided by 3922482?
2
What is the remainder when 1005594 is divided by 3223?
18
Calculate the remainder when 496924 is divided by 79.
14
What is the remainder when 46258697 is divided by 170?
167
Calculate the remainder when 865639 is divided by 56.
47
Calculate the remainder when 1144204 is divided by 381.
61
What is the remainder when 271290 is divided by 269276?
2014
Calculate the remainder when 1017496 is divided by 1017486.
10
Calculate the remainder when 993637 is divided by 896.
869
What is the remainder when 602620 is divided by 284?
256
Calculate the remainder when 278787958 is divided by 54.
52
What is the remainder when 2087896 is divided by 155?
46
What is the remainder when 438241 is divided by 218935?
371
What is the remainder when 120089698 is divided by 501?
499
Calculate the remainder when 40727 is divided by 7119.
5132
Calculate the remainder when 86428 is divided by 1460.
288
What is the remainder when 36865308 is divided by 140?
88
Calculate the remainder when 2240788 is divided by 4611.
4453
What is the remainder when 96126 is divided by 8649?
987
Calculate the remainder when 176053 is divided by 2201.
2174
What is the remainder when 130030 is divided by 129766?
264
Calculate the remainder when 1221227 is divided by 48.
11
What is the remainder when 9697488 is divided by 14261?
8
Calculate the remainder when 1393732447 is divided by 23.
21
What is the remainder when 258044 is divided by 1032?
44
Calculate the remainder when 236151 is divided by 117395.
1361
Calculate the remainder when 10940322 is divided by 23.
4
Calculate the remainder when 5934091 is divided by 1977870.
481
Calculate the remainder when 14286358 is divided by 37.
29
What is the remainder when 81724 is divided by 9859?
2852
What is the remainder when 178271 is divided by 161?
44
Calculate the remainder when 3524965 is divided by 5694.
379
Calculate the remainder when 31417229 is divided by 2173.
2168
Calculate the remainder when 2809802 is divided by 11.
6
Calculate the remainder when 1444242 is divided by 2772.
30
What is the remainder when 213711 is divided by 9284?
179
Calculate the remainder when 60747 is divided by 549.
357
What is the remainder when 4550983 is divided by 46?
19
What is the remainder when 43793 is divided by 2797?
1838
Calculate the remainder when 2006613 is divided by 337.
115
What is the remainder when 120044634 is divided by 566?
562
What is the remainder when 3489676 is divided by 387741?
7
What is the remainder when 4707014 is divided by 1568813?
575
Calculate the remainder when 289278 is divided by 836.
22
What is the remainder when 3580100 is divided by 325462?
18
Calculate the remainder when 123242 is divided by 447.
317
Calculate the remainder when 2661848 is divided by 1757.
1750
Calculate the remainder when 837982434 is divided by 2969.
2967
What is the remainder when 2956 is divided by 44?
8
What is the remainder when 220293626 is divided by 29?
27
Calculate the remainder when 484280 is divided by 80.
40
Calculate the remainder when 4251269 is divided by 2298.
2267
Calculate the remainder when 20550 is divided by 2156.
1146
What is the remainder when 7059 is divided by 2963?
1133
What is the remainder when 1716480 is divided by 619?
612
What is the remainder when 3074282 is divided by 15?
2
Calculate the remainder when 22655686 is divided by 4431.
4414
Calculate the remainder when 66352 is divided by 22113.
13
Calculate the remainder when 756365 is divided by 4157.
3948
Calculate the remainder when 614888 is divided by 990.
98
What is the remainder when 2358006 is divided by 1178970?
66
What is the remainder when 15176 is divided by 3718?
304
What is the remainder when 218251 is divided by 3465?
3421
What is the remainder when 12083543 is divided by 171?
170
Calculate the remainder when 20357631 is divided by 180.
171
What is the remainder when 33607605 is divided by 73?
11
Calculate the remainder when 33535 is divided by 5421.
1009
Calculate the remainder when 307990 is divided by 23665.
345
Calculate the remainder when 256569598 is divided by 105.
103
What is the remainder when 84340 is divided by 6475?
165
Calculate the remainder when 4379560 is divided by 14.
10
Calculate the remainder when 3305679 is divided by 1304.
39
What is the remainder when 7935337 is divided by 23?
15
Calculate the remainder when 1609415 is divided by 336.
311
Calculate the remainder when 75203430 is divided by 1694.
1688
What is the remainder when 616919 is divided by 123379?
24
What is the remainder when 488618756 is divided by 5951?
5950
What is the remainder when 3740159 is divided by 2610?
29
What is the remainder when 473162 is divided by 473152?
10
Calculate the remainder when 701374 is divided by 175291.
210
What is the remainder when 362602 is divided by 5179?
72
Calculate the remainder when 16708530 is divided by 1518953.
47
What is the remainder when 30635 is divided by 1217?
210
Calculate the remainder when 862439 is divided by 14.
11
What is the remainder when 1834077 is divided by 19?
7
What is the remainder when 37514 is divided by 1556?
170
What is the remainder when 8960458 is divided by 652?
22
What is the remainder when 866311 is divided by 433126?
59
What is the remainder when 4588955 is divided by 79?
3
Calculate the remainder when 9910554 is divided by 487.
104
What is the remainder when 51005 is divided by 772?
53
What is the remainder when 341898030 is divided by 194?
190
Calculate the remainder when 64601 is divided by 8314.
6403
Calculate the remainder when 166769 is divided by 314.
35
Calculate the remainder when 10882593 is divided by 5441214.
165
Calculate the remainder when 12926959 is divided by 349.
348
What is the remainder when 1055530 is divided by 23985?
190
What is the remainder when 16458667 is divided by 25?
17
What is the remainder when 7802479 is divided by 25?
4
Calculate the remainder when 25241815 is divided by 1577613.
7
What is the remainder when 1652987 is divided by 33731?
168
What is the remainder when 14829941 is divided by 225?
191
Calculate the remainder when 45032115 is divided by 829.
6
Calculate the remainder when 8362485 is divided by 256.
245
What is the remainder when 28566 is divided by 4005?
531
What is the remainder when 42963873 is divided by 22?
7
What is the remainder when 199782 is divided by 5295?
3867
What is the remainder when 257952 is divided by 1053?
1020
What is the remainder when 1182664 is divided by 3428?
4
Calculate the remainder when 3412813 is divided by 193.
187
What is the remainder when 18008 is divided by 1635?
23
Calculate the remainder when 127859046 is divided by 3355.
3351
Calculate the remainder when 123037906 is divided by 30.
16
Calculate the remainder when 213110